{"id":1743,"date":"2019-10-29T22:46:37","date_gmt":"2019-10-29T21:46:37","guid":{"rendered":"https:\/\/anteriores.premiosdelaindustria.es\/2019\/?page_id=1743"},"modified":"2019-10-29T22:46:37","modified_gmt":"2019-10-29T21:46:37","slug":"maria-paz-robina","status":"publish","type":"page","link":"https:\/\/anteriores.premiosdelaindustria.es\/2019\/maria-paz-robina\/","title":{"rendered":"Mar\u00eda de la Paz Robina Rosat"},"content":{"rendered":"<section class=\"wpb-content-wrapper\"><p>[vc_row css_animation=\u00bb\u00bb row_type=\u00bbrow\u00bb use_row_as_full_screen_section=\u00bbno\u00bb type=\u00bbfull_width\u00bb angled_section=\u00bbno\u00bb text_align=\u00bbleft\u00bb background_image_as_pattern=\u00bbwithout_pattern\u00bb][vc_column][vc_column_text]<\/p>\n<h1>Mar\u00eda de la Paz Robina Rosat<\/h1>\n<p>[\/vc_column_text][\/vc_column][\/vc_row][vc_row css_animation=\u00bb\u00bb row_type=\u00bbrow\u00bb use_row_as_full_screen_section=\u00bbno\u00bb type=\u00bbfull_width\u00bb angled_section=\u00bbno\u00bb text_align=\u00bbleft\u00bb background_image_as_pattern=\u00bbwithout_pattern\u00bb][vc_column width=\u00bb1\/2&#8243;][vc_column_text]<\/p>\n<h5>Mar\u00eda de la Paz Robina Rosat Colegiada de Honor Premios ingenierosVA<\/h5>\n<p>La Junta de Gobierno de ingenierosVA (Colegio Oficial de Ingenieros T\u00e9cnicos Industriales de Valladolid) ha decidido otorgar uno de sus mayores galardones a Mar\u00eda de la Paz Robina, actual Directora General de <a href=\"https:\/\/www.michelin.es\/\" target=\"_blank\" rel=\"noopener noreferrer\">Michelin<\/a> Espa\u00f1a Portugal en reconocimiento a una trayectoria de m\u00e1s de 30 a\u00f1os ligada a la Industria nacional y siendo una referencia de liderazgo adem\u00e1s de pionera en el sector.[\/vc_column_text][\/vc_column][vc_column width=\u00bb1\/2&#8243;][vc_single_image image=\u00bb1757&#8243; img_size=\u00bblarge\u00bb alignment=\u00bbcenter\u00bb qode_css_animation=\u00bb\u00bb][vc_video link=\u00bb\u00bb][\/vc_column][\/vc_row][vc_row css_animation=\u00bb\u00bb row_type=\u00bbrow\u00bb use_row_as_full_screen_section=\u00bbno\u00bb type=\u00bbfull_width\u00bb angled_section=\u00bbno\u00bb text_align=\u00bbleft\u00bb background_image_as_pattern=\u00bbwithout_pattern\u00bb][vc_column][vc_empty_space height=\u00bb64px\u00bb][\/vc_column][\/vc_row][vc_row css_animation=\u00bb\u00bb row_type=\u00bbrow\u00bb use_row_as_full_screen_section=\u00bbno\u00bb type=\u00bbfull_width\u00bb angled_section=\u00bbno\u00bb text_align=\u00bbleft\u00bb background_image_as_pattern=\u00bbwithout_pattern\u00bb][vc_column width=\u00bb1\/2&#8243;][vc_single_image image=\u00bb1745&#8243; img_size=\u00bblarge\u00bb alignment=\u00bbright\u00bb qode_css_animation=\u00bb\u00bb][\/vc_column][vc_column width=\u00bb1\/2&#8243;][vc_column_text]Mar\u00eda de la Paz Robina, con una trayectoria de m\u00e1s de 30 a\u00f1os ligada a la Industria nacional, es una referencia de liderazgo adem\u00e1s de pionera en el sector, en la que destaca su actual cargo de Directora General de Michelin Espa\u00f1a Portugal y Presidenta de su Consejo de Administraci\u00f3n.<\/p>\n<p>Dentro de Michelin Espa\u00f1a Portugal, y en varias factor\u00edas, ha ocupado diferentes puestos de responsabilidad dentro de los dominios de calidad, fabricaci\u00f3n y la gesti\u00f3n y administraci\u00f3n de personal. Ha sido la primera mujer que ha ocupado un puesto de Direcci\u00f3n de F\u00e1brica en Michelin Espa\u00f1a y tambi\u00e9n ha dirigido el centro industrial de Michelin en \u00c1lava, uno de los mayores del grupo a nivel mundial.<\/p>\n<p>Por todo ello la Junta de Gobierno ha estimado que D\u00aa. Mar\u00eda de la Paz Robina Rosat re\u00fane los m\u00e9ritos para ser honrada con la distinci\u00f3n honor\u00edfica de Colegiada de Honor.[\/vc_column_text][\/vc_column][\/vc_row][vc_row css_animation=\u00bb\u00bb row_type=\u00bbrow\u00bb use_row_as_full_screen_section=\u00bbno\u00bb type=\u00bbfull_width\u00bb angled_section=\u00bbno\u00bb text_align=\u00bbleft\u00bb background_image_as_pattern=\u00bbwithout_pattern\u00bb][vc_column][vc_empty_space height=\u00bb64px\u00bb][\/vc_column][\/vc_row][vc_row css_animation=\u00bb\u00bb row_type=\u00bbrow\u00bb use_row_as_full_screen_section=\u00bbno\u00bb type=\u00bbfull_width\u00bb angled_section=\u00bbno\u00bb text_align=\u00bbleft\u00bb background_image_as_pattern=\u00bbwithout_pattern\u00bb][vc_column][vc_empty_space][\/vc_column][\/vc_row]<\/p>\n<\/section>","protected":false},"excerpt":{"rendered":"<p>[vc_row css_animation=\u00bb\u00bb row_type=\u00bbrow\u00bb use_row_as_full_screen_section=\u00bbno\u00bb type=\u00bbfull_width\u00bb angled_section=\u00bbno\u00bb text_align=\u00bbleft\u00bb background_image_as_pattern=\u00bbwithout_pattern\u00bb][vc_column][vc_column_text] Mar\u00eda de la Paz Robina Rosat [\/vc_column_text][\/vc_column][\/vc_row][vc_row css_animation=\u00bb\u00bb row_type=\u00bbrow\u00bb use_row_as_full_screen_section=\u00bbno\u00bb type=\u00bbfull_width\u00bb angled_section=\u00bbno\u00bb text_align=\u00bbleft\u00bb background_image_as_pattern=\u00bbwithout_pattern\u00bb][vc_column width=\u00bb1\/2&#8243;][vc_column_text] Mar\u00eda de la Paz Robina Rosat Colegiada de Honor Premios ingenierosVA La Junta de Gobierno de ingenierosVA (Colegio Oficial de Ingenieros T\u00e9cnicos&#8230;<\/p>\n","protected":false},"author":1,"featured_media":0,"parent":0,"menu_order":0,"comment_status":"closed","ping_status":"closed","template":"","meta":{"footnotes":""},"yoast_head":"<!-- This site is optimized with the Yoast SEO plugin v20.6 - https:\/\/yoast.com\/wordpress\/plugins\/seo\/ -->\n<title>Mar\u00eda de la Paz Robina Rosat - Premios ingenierosVA de la Industria 2019<\/title>\n<meta name=\"robots\" content=\"index, follow, max-snippet:-1, max-image-preview:large, max-video-preview:-1\" \/>\n<link rel=\"canonical\" href=\"https:\/\/anteriores.premiosdelaindustria.es\/2019\/maria-paz-robina\/\" \/>\n<meta property=\"og:locale\" content=\"es_ES\" \/>\n<meta property=\"og:type\" content=\"article\" \/>\n<meta property=\"og:title\" content=\"Mar\u00eda de la Paz Robina Rosat - Premios ingenierosVA de la Industria 2019\" \/>\n<meta property=\"og:description\" content=\"[vc_row css_animation=\u00bb\u00bb row_type=\u00bbrow\u00bb use_row_as_full_screen_section=\u00bbno\u00bb type=\u00bbfull_width\u00bb angled_section=\u00bbno\u00bb text_align=\u00bbleft\u00bb background_image_as_pattern=\u00bbwithout_pattern\u00bb][vc_column][vc_column_text] Mar\u00eda de la Paz Robina Rosat [\/vc_column_text][\/vc_column][\/vc_row][vc_row css_animation=\u00bb\u00bb row_type=\u00bbrow\u00bb use_row_as_full_screen_section=\u00bbno\u00bb type=\u00bbfull_width\u00bb angled_section=\u00bbno\u00bb text_align=\u00bbleft\u00bb background_image_as_pattern=\u00bbwithout_pattern\u00bb][vc_column width=\u00bb1\/2&#8243;][vc_column_text] Mar\u00eda de la Paz Robina Rosat Colegiada de Honor Premios ingenierosVA La Junta de Gobierno de ingenierosVA (Colegio Oficial de Ingenieros T\u00e9cnicos...\" \/>\n<meta property=\"og:url\" content=\"https:\/\/anteriores.premiosdelaindustria.es\/2019\/maria-paz-robina\/\" \/>\n<meta property=\"og:site_name\" content=\"Premios ingenierosVA de la Industria 2019\" \/>\n<meta name=\"twitter:card\" content=\"summary_large_image\" \/>\n<meta name=\"twitter:label1\" content=\"Tiempo de lectura\" \/>\n\t<meta name=\"twitter:data1\" content=\"3 minutos\" \/>\n<script type=\"application\/ld+json\" class=\"yoast-schema-graph\">{\"@context\":\"https:\/\/schema.org\",\"@graph\":[{\"@type\":\"WebPage\",\"@id\":\"https:\/\/anteriores.premiosdelaindustria.es\/2019\/maria-paz-robina\/\",\"url\":\"https:\/\/anteriores.premiosdelaindustria.es\/2019\/maria-paz-robina\/\",\"name\":\"Mar\u00eda de la Paz Robina Rosat - Premios ingenierosVA de la Industria 2019\",\"isPartOf\":{\"@id\":\"https:\/\/anteriores.premiosdelaindustria.es\/2019\/#website\"},\"datePublished\":\"2019-10-29T21:46:37+00:00\",\"dateModified\":\"2019-10-29T21:46:37+00:00\",\"inLanguage\":\"es\",\"potentialAction\":[{\"@type\":\"ReadAction\",\"target\":[\"https:\/\/anteriores.premiosdelaindustria.es\/2019\/maria-paz-robina\/\"]}]},{\"@type\":\"WebSite\",\"@id\":\"https:\/\/anteriores.premiosdelaindustria.es\/2019\/#website\",\"url\":\"https:\/\/anteriores.premiosdelaindustria.es\/2019\/\",\"name\":\"Premios ingenierosVA de la Industria 2019\",\"description\":\"Reconocer la importancia de la ingenier\u00eda en el desarrollo de la sociedad y de la industria\",\"potentialAction\":[{\"@type\":\"SearchAction\",\"target\":{\"@type\":\"EntryPoint\",\"urlTemplate\":\"https:\/\/anteriores.premiosdelaindustria.es\/2019\/?s={search_term_string}\"},\"query-input\":\"required name=search_term_string\"}],\"inLanguage\":\"es\"}]}<\/script>\n<!-- \/ Yoast SEO plugin. -->","yoast_head_json":{"title":"Mar\u00eda de la Paz Robina Rosat - Premios ingenierosVA de la Industria 2019","robots":{"index":"index","follow":"follow","max-snippet":"max-snippet:-1","max-image-preview":"max-image-preview:large","max-video-preview":"max-video-preview:-1"},"canonical":"https:\/\/anteriores.premiosdelaindustria.es\/2019\/maria-paz-robina\/","og_locale":"es_ES","og_type":"article","og_title":"Mar\u00eda de la Paz Robina Rosat - Premios ingenierosVA de la Industria 2019","og_description":"[vc_row css_animation=\u00bb\u00bb row_type=\u00bbrow\u00bb use_row_as_full_screen_section=\u00bbno\u00bb type=\u00bbfull_width\u00bb angled_section=\u00bbno\u00bb text_align=\u00bbleft\u00bb background_image_as_pattern=\u00bbwithout_pattern\u00bb][vc_column][vc_column_text] Mar\u00eda de la Paz Robina Rosat [\/vc_column_text][\/vc_column][\/vc_row][vc_row css_animation=\u00bb\u00bb row_type=\u00bbrow\u00bb use_row_as_full_screen_section=\u00bbno\u00bb type=\u00bbfull_width\u00bb angled_section=\u00bbno\u00bb text_align=\u00bbleft\u00bb background_image_as_pattern=\u00bbwithout_pattern\u00bb][vc_column width=\u00bb1\/2&#8243;][vc_column_text] Mar\u00eda de la Paz Robina Rosat Colegiada de Honor Premios ingenierosVA La Junta de Gobierno de ingenierosVA (Colegio Oficial de Ingenieros T\u00e9cnicos...","og_url":"https:\/\/anteriores.premiosdelaindustria.es\/2019\/maria-paz-robina\/","og_site_name":"Premios ingenierosVA de la Industria 2019","twitter_card":"summary_large_image","twitter_misc":{"Tiempo de lectura":"3 minutos"},"schema":{"@context":"https:\/\/schema.org","@graph":[{"@type":"WebPage","@id":"https:\/\/anteriores.premiosdelaindustria.es\/2019\/maria-paz-robina\/","url":"https:\/\/anteriores.premiosdelaindustria.es\/2019\/maria-paz-robina\/","name":"Mar\u00eda de la Paz Robina Rosat - Premios ingenierosVA de la Industria 2019","isPartOf":{"@id":"https:\/\/anteriores.premiosdelaindustria.es\/2019\/#website"},"datePublished":"2019-10-29T21:46:37+00:00","dateModified":"2019-10-29T21:46:37+00:00","inLanguage":"es","potentialAction":[{"@type":"ReadAction","target":["https:\/\/anteriores.premiosdelaindustria.es\/2019\/maria-paz-robina\/"]}]},{"@type":"WebSite","@id":"https:\/\/anteriores.premiosdelaindustria.es\/2019\/#website","url":"https:\/\/anteriores.premiosdelaindustria.es\/2019\/","name":"Premios ingenierosVA de la Industria 2019","description":"Reconocer la importancia de la ingenier\u00eda en el desarrollo de la sociedad y de la industria","potentialAction":[{"@type":"SearchAction","target":{"@type":"EntryPoint","urlTemplate":"https:\/\/anteriores.premiosdelaindustria.es\/2019\/?s={search_term_string}"},"query-input":"required name=search_term_string"}],"inLanguage":"es"}]}},"_links":{"self":[{"href":"https:\/\/anteriores.premiosdelaindustria.es\/2019\/wp-json\/wp\/v2\/pages\/1743"}],"collection":[{"href":"https:\/\/anteriores.premiosdelaindustria.es\/2019\/wp-json\/wp\/v2\/pages"}],"about":[{"href":"https:\/\/anteriores.premiosdelaindustria.es\/2019\/wp-json\/wp\/v2\/types\/page"}],"author":[{"embeddable":true,"href":"https:\/\/anteriores.premiosdelaindustria.es\/2019\/wp-json\/wp\/v2\/users\/1"}],"replies":[{"embeddable":true,"href":"https:\/\/anteriores.premiosdelaindustria.es\/2019\/wp-json\/wp\/v2\/comments?post=1743"}],"version-history":[{"count":0,"href":"https:\/\/anteriores.premiosdelaindustria.es\/2019\/wp-json\/wp\/v2\/pages\/1743\/revisions"}],"wp:attachment":[{"href":"https:\/\/anteriores.premiosdelaindustria.es\/2019\/wp-json\/wp\/v2\/media?parent=1743"}],"curies":[{"name":"wp","href":"https:\/\/api.w.org\/{rel}","templated":true}]}}

María de la Paz Robina Rosat

<section class="wpb-content-wrapper"><p>[vc_row css_animation=»» row_type=»row» use_row_as_full_screen_section=»no» type=»full_width» angled_section=»no» text_align=»left» background_image_as_pattern=»without_pattern»][vc_column][vc_column_text]</p>
<h1>María de la Paz Robina Rosat</h1>
<p>[/vc_column_text][/vc_column][/vc_row][vc_row css_animation=»» row_type=»row» use_row_as_full_screen_section=»no» type=»full_width» angled_section=»no» text_align=»left» background_image_as_pattern=»without_pattern»][vc_column width=»1/2&#8243;][vc_column_text]</p>
<h5>María de la Paz Robina Rosat Colegiada de Honor Premios ingenierosVA</h5>
<p>La Junta de Gobierno de ingenierosVA (Colegio Oficial de Ingenieros Técnicos Industriales de Valladolid) ha decidido otorgar uno de sus mayores galardones a María de la Paz Robina, actual Directora General de <a href="https://www.michelin.es/" target="_blank" rel="noopener noreferrer">Michelin</a> España Portugal en reconocimiento a una trayectoria de más de 30 años ligada a la Industria nacional y siendo una referencia de liderazgo además de pionera en el sector.[/vc_column_text][/vc_column][vc_column width=»1/2&#8243;][vc_single_image image=»1757&#8243; img_size=»large» alignment=»center» qode_css_animation=»»][vc_video link=»»][/vc_column][/vc_row][vc_row css_animation=»» row_type=»row» use_row_as_full_screen_section=»no» type=»full_width» angled_section=»no» text_align=»left» background_image_as_pattern=»without_pattern»][vc_column][vc_empty_space height=»64px»][/vc_column][/vc_row][vc_row css_animation=»» row_type=»row» use_row_as_full_screen_section=»no» type=»full_width» angled_section=»no» text_align=»left» background_image_as_pattern=»without_pattern»][vc_column width=»1/2&#8243;][vc_single_image image=»1745&#8243; img_size=»large» alignment=»right» qode_css_animation=»»][/vc_column][vc_column width=»1/2&#8243;][vc_column_text]María de la Paz Robina, con una trayectoria de más de 30 años ligada a la Industria nacional, es una referencia de liderazgo además de pionera en el sector, en la que destaca su actual cargo de Directora General de Michelin España Portugal y Presidenta de su Consejo de Administración.</p>
<p>Dentro de Michelin España Portugal, y en varias factorías, ha ocupado diferentes puestos de responsabilidad dentro de los dominios de calidad, fabricación y la gestión y administración de personal. Ha sido la primera mujer que ha ocupado un puesto de Dirección de Fábrica en Michelin España y también ha dirigido el centro industrial de Michelin en Álava, uno de los mayores del grupo a nivel mundial.</p>
<p>Por todo ello la Junta de Gobierno ha estimado que Dª. María de la Paz Robina Rosat reúne los méritos para ser honrada con la distinción honorífica de Colegiada de Honor.[/vc_column_text][/vc_column][/vc_row][vc_row css_animation=»» row_type=»row» use_row_as_full_screen_section=»no» type=»full_width» angled_section=»no» text_align=»left» background_image_as_pattern=»without_pattern»][vc_column][vc_empty_space height=»64px»][/vc_column][/vc_row][vc_row css_animation=»» row_type=»row» use_row_as_full_screen_section=»no» type=»full_width» angled_section=»no» text_align=»left» background_image_as_pattern=»without_pattern»][vc_column][vc_empty_space][/vc_column][/vc_row]</p>
</section>

<p>[vc_row css_animation=»» row_type=»row» use_row_as_full_screen_section=»no» type=»full_width» angled_section=»no» text_align=»left» background_image_as_pattern=»without_pattern»][vc_column][vc_column_text] María de la Paz Robina Rosat [/vc_column_text][/vc_column][/vc_row][vc_row css_animation=»» row_type=»row» use_row_as_full_screen_section=»no» type=»full_width» angled_section=»no» text_align=»left» background_image_as_pattern=»without_pattern»][vc_column width=»1/2&#8243;][vc_column_text] María de la Paz Robina Rosat Colegiada de Honor Premios ingenierosVA La Junta de Gobierno de ingenierosVA (Colegio Oficial de Ingenieros Técnicos&#8230;</p>

<!-- This site is optimized with the Yoast SEO plugin v20.6 - https://yoast.com/wordpress/plugins/seo/ -->
<title>María de la Paz Robina Rosat - Premios ingenierosVA de la Industria 2019</title>
<meta name="robots" content="index, follow, max-snippet:-1, max-image-preview:large, max-video-preview:-1" />
<link rel="canonical" href="https://anteriores.premiosdelaindustria.es/2019/maria-paz-robina/" />
<meta property="og:locale" content="es_ES" />
<meta property="og:type" content="article" />
<meta property="og:title" content="María de la Paz Robina Rosat - Premios ingenierosVA de la Industria 2019" />
<meta property="og:description" content="[vc_row css_animation=»» row_type=»row» use_row_as_full_screen_section=»no» type=»full_width» angled_section=»no» text_align=»left» background_image_as_pattern=»without_pattern»][vc_column][vc_column_text] María de la Paz Robina Rosat [/vc_column_text][/vc_column][/vc_row][vc_row css_animation=»» row_type=»row» use_row_as_full_screen_section=»no» type=»full_width» angled_section=»no» text_align=»left» background_image_as_pattern=»without_pattern»][vc_column width=»1/2&#8243;][vc_column_text] María de la Paz Robina Rosat Colegiada de Honor Premios ingenierosVA La Junta de Gobierno de ingenierosVA (Colegio Oficial de Ingenieros Técnicos..." />
<meta property="og:url" content="https://anteriores.premiosdelaindustria.es/2019/maria-paz-robina/" />
<meta property="og:site_name" content="Premios ingenierosVA de la Industria 2019" />
<meta name="twitter:card" content="summary_large_image" />
<meta name="twitter:label1" content="Tiempo de lectura" />
	<meta name="twitter:data1" content="3 minutos" />
<script type="application/ld+json" class="yoast-schema-graph">{"@context":"https://schema.org","@graph":[{"@type":"WebPage","@id":"https://anteriores.premiosdelaindustria.es/2019/maria-paz-robina/","url":"https://anteriores.premiosdelaindustria.es/2019/maria-paz-robina/","name":"María de la Paz Robina Rosat - Premios ingenierosVA de la Industria 2019","isPartOf":{"@id":"https://anteriores.premiosdelaindustria.es/2019/#website"},"datePublished":"2019-10-29T21:46:37+00:00","dateModified":"2019-10-29T21:46:37+00:00","inLanguage":"es","potentialAction":[{"@type":"ReadAction","target":["https://anteriores.premiosdelaindustria.es/2019/maria-paz-robina/"]}]},{"@type":"WebSite","@id":"https://anteriores.premiosdelaindustria.es/2019/#website","url":"https://anteriores.premiosdelaindustria.es/2019/","name":"Premios ingenierosVA de la Industria 2019","description":"Reconocer la importancia de la ingeniería en el desarrollo de la sociedad y de la industria","potentialAction":[{"@type":"SearchAction","target":{"@type":"EntryPoint","urlTemplate":"https://anteriores.premiosdelaindustria.es/2019/?s={search_term_string}"},"query-input":"required name=search_term_string"}],"inLanguage":"es"}]}</script>
<!-- / Yoast SEO plugin. -->

María de la Paz Robina Rosat - Premios ingenierosVA de la Industria 2019

[vc_row css_animation=»» row_type=»row» use_row_as_full_screen_section=»no» type=»full_width» angled_section=»no» text_align=»left» background_image_as_pattern=»without_pattern»][vc_column][vc_column_text] María de la Paz Robina Rosat [/vc_column_text][/vc_column][/vc_row][vc_row css_animation=»» row_type=»row» use_row_as_full_screen_section=»no» type=»full_width» angled_section=»no» text_align=»left» background_image_as_pattern=»without_pattern»][vc_column width=»1/2&#8243;][vc_column_text] María de la Paz Robina Rosat Colegiada de Honor Premios ingenierosVA La Junta de Gobierno de ingenierosVA (Colegio Oficial de Ingenieros Técnicos...

Reconocer la importancia de la ingeniería en el desarrollo de la sociedad y de la industria
